{"id":2,"date":"2021-12-30T06:42:08","date_gmt":"2021-12-30T06:42:08","guid":{"rendered":"https:\/\/post.nu\/office\/?page_id=2"},"modified":"2025-12-31T12:21:36","modified_gmt":"2025-12-31T12:21:36","slug":"sample-page","status":"publish","type":"page","link":"https:\/\/post.nu\/office\/","title":{"rendered":"Postmaster &#8211; Register your email"},"content":{"rendered":"<p><!-- [contact-form-7 id=\"27\" title=\"Registration\"] --><\/p>\n<h2>Skaffa en gratis skandinavisk email!<\/h2>\n<h3>Email service f\u00f6r de nordiska l\u00e4nderna<\/h3>\n<p>En beta registrering p\u00e5 svenska har \u00f6ppnat &#8211; God forts\u00e4ttning!<\/p>\n<p><a href=\"\/reg\" target=\"_blank\" rel=\"noopener\">Till registreringen \u00bb<\/a><\/p>\n<p><center><br \/>\n&#8212;-<\/center><\/p>\n","protected":false},"excerpt":{"rendered":"<p>Skaffa en gratis skandinavisk email! Email service f\u00f6r de nordiska l\u00e4nderna En beta registrering p\u00e5 svenska har \u00f6ppnat &#8211; God forts\u00e4ttning! Till registreringen \u00bb &#8212;-<\/p>\n","protected":false},"author":1,"featured_media":0,"parent":0,"menu_order":0,"comment_status":"closed","ping_status":"open","template":"","meta":{"footnotes":""},"class_list":["post-2","page","type-page","status-publish","hentry","entry"],"_links":{"self":[{"href":"https:\/\/post.nu\/office\/wp-json\/wp\/v2\/pages\/2","targetHints":{"allow":["GET"]}}],"collection":[{"href":"https:\/\/post.nu\/office\/wp-json\/wp\/v2\/pages"}],"about":[{"href":"https:\/\/post.nu\/office\/wp-json\/wp\/v2\/types\/page"}],"author":[{"embeddable":true,"href":"https:\/\/post.nu\/office\/wp-json\/wp\/v2\/users\/1"}],"replies":[{"embeddable":true,"href":"https:\/\/post.nu\/office\/wp-json\/wp\/v2\/comments?post=2"}],"version-history":[{"count":12,"href":"https:\/\/post.nu\/office\/wp-json\/wp\/v2\/pages\/2\/revisions"}],"predecessor-version":[{"id":106,"href":"https:\/\/post.nu\/office\/wp-json\/wp\/v2\/pages\/2\/revisions\/106"}],"wp:attachment":[{"href":"https:\/\/post.nu\/office\/wp-json\/wp\/v2\/media?parent=2"}],"curies":[{"name":"wp","href":"https:\/\/api.w.org\/{rel}","templated":true}]}}